y 295.
115
Calculate the remainder when 12039 is divided by 55.
49
What is the remainder when 4533 is divided by 42?
39
What is the remainder when 1070 is divided by 256?
46
What is the remainder when 58095 is divided by 29042?
11
What is the remainder when 1236 is divided by 234?
66
What is the remainder when 17714 is divided by 5?
4
What is the remainder when 406853 is divided by 126?
125
What is the remainder when 38205 is divided by 38204?
1
Calculate the remainder when 4681 is divided by 161.
12
What is the remainder when 1975 is divided by 369?
130
What is the remainder when 738348 is divided by 198?
6
Calculate the remainder when 2836 is divided by 939.
19
Calculate the remainder when 102888 is divided by 206.
94
Calculate the remainder when 32307 is divided by 102.
75
Calculate the remainder when 11321 is divided by 2652.
713
What is the remainder when 1381971 is divided by 35?
31
Calculate the remainder when 8062 is divided by 128.
126
What is the remainder when 67903 is divided by 319?
275
Calculate the remainder when 306967 is divided by 306955.
12
What is the remainder when 68626 is divided by 129?
127
What is the remainder when 8841 is divided by 2858?
267
Calculate the remainder when 2449 is divided by 641.
526
What is the remainder when 6175 is divided by 186?
37
What is the remainder when 572451 is divided by 812?
803
Calculate the remainder when 157295 is divided by 696.
695
Calculate the remainder when 11770 is divided by 636.
322
What is the remainder when 19996 is divided by 32?
28
What is the remainder when 16906 is divided by 10?
6
What is the remainder when 545 is divided by 540?
5
Calculate the remainder when 32389 is divided by 196.
49
Calculate the remainder when 55308 is divided by 5.
3
What is the remainder when 7047 is divided by 35?
12
Calculate the remainder when 2208 is divided by 1037.
134
Calculate the remainder when 222851 is divided by 29.
15
What is the remainder when 3119 is divided by 1037?
8
What is the remainder when 756 is divided by 85?
76
Calculate the remainder when 33156 is divided by 495.
486
What is the remainder when 137235 is divided by 4574?
15
Calculate the remainder when 166555 is divided by 59.
57
Calculate the remainder when 516007 is divided by 1406.
5
Calculate the remainder when 227947 is divided by 72.
67
Calculate the remainder when 6232 is divided by 52.
44
Calculate the remainder when 3981 is divided by 1298.
87
Calculate the remainder when 14311 is divided by 60.
31
Calculate the remainder when 4632 is divided by 388.
364
What is the remainder when 1190 is divided by 37?
6
What is the remainder when 10062 is divided by 138?
126
Calculate the remainder when 3546759 is divided by 28.
27
What is the remainder when 25748 is divided by 103?
101
Calculate the remainder when 3056429 is divided by 16.
13
Calculate the remainder when 23290 is divided by 895.
20
Calculate the remainder when 6022 is divided by 304.
246
Calculate the remainder when 5999 is divided by 50.
49
Calculate the remainder when 22228 is divided by 34.
26
Calculate the remainder when 4682 is divided by 15.
2
Calculate the remainder when 53486 is divided by 116.
10
What is the remainder when 1727 is divided by 176?
143
Calculate the remainder when 46440 is divided by 15475.
15
Calculate the remainder when 3623 is divided by 185.
108
Calculate the remainder when 48173 is divided by 90.
23
What is the remainder when 152290 is divided by 49?
47
Calculate the remainder when 12733 is divided by 65.
58
What is the remainder when 39613 is divided by 507?
67
What is the remainder when 369099 is divided by 5348?
87
Calculate the remainder when 2841 is divided by 448.
153
What is the remainder when 155816 is divided by 89?
66
Calculate the remainder when 3937 is divided by 27.
22
What is the remainder when 167278 is divided by 8?
6
Calculate the remainder when 12006 is divided by 132.
126
Calculate the remainder when 899 is divided by 98.
17
What is the remainder when 39597 is divided by 80?
77
Calculate the remainder when 9951 is divided by 9939.
12
Calculate the remainder when 82323 is divided by 45.
18
What is the remainder when 1173 is divided by 38?
33
Calculate the remainder when 4007 is divided by 414.
281
Calculate the remainder when 1771081 is divided by 1204.
1201
Calculate the remainder when 40765 is divided by 20381.
3
What is the remainder when 42943 is divided by 52?
43
Calculate the remainder when 14068 is divided by 102.
94
What is the remainder when 476 is divided by 168?
140
What is the remainder when 812 is divided by 242?
86
Calculate the remainder when 87203 is divided by 9687.
20
What is the remainder when 1393692 is divided by 721?
720
What is the remainder when 4346 is divided by 112?
90
What is the remainder when 4237 is divided by 2104?
29
Calculate the remainder when 3168 is divided by 2161.
1007
What is the remainder when 276138 is divided by 805?
23
What is the remainder when 560544 is divided by 18?
6
What is the remainder when 14079 is divided by 39?
0
Calculate the remainder when 543131 is divided by 7.
1
What is the remainder when 51530 is divided by 17170?
20
Calculate the remainder when 132564 is divided by 35.
19
Calculate the remainder when 7450 is divided by 3715.
20
Calculate the remainder when 2477 is divided by 163.
32
Calculate the remainder when 70644 is divided by 794.
772
What is the remainder when 20160 is divided by 20101?
59
Calculate the remainder when 6164 is divided by 237.
2
Calculate the remainder when 23100 is divided by 331.
261
Calculate the remainder when 8485 is divided by 299.
113
What is the remainder when 2317411 is divided by 579352?
3
What is the remainder when 50540 is divided by 25252?
36
What is the remainder when 89690 is divided by 2296?
146
What is the remainder when 1171014 is divided by 45038?
26
What is the remainder when 3993 is divided by 261?
78
Calculate the remainder when 40364 is divided by 1063.
1033
Calculate the remainder when 112773 is divided by 35.
3
What is the remainder when 6263 is divided by 2059?
86
Calculate the remainder when 37314 is divided by 12429.
27
What is the remainder when 293 is divided by 79?
56
What is the remainder when 487 is divided by 196?
95
What is the remainder when 30108 is divided by 5016?
12
Calculate the remainder when 48502 is divided by 24240.
22
Calculate the remainder when 7913 is divided by 395.
13
What is the remainder when 1367 is divided by 1153?
214
Calculate the remainder when 1548 is divided by 332.
220
What is the remainder when 625201 is divided by 3932?
13
Calculate the remainder when 46396 is divided by 24.
4
What is the remainder when 4708 is divided by 28?
4
Calculate the remainder when 24185 is divided by 226.
3
What is the remainder when 1192 is divided by 51?
19
What is the remainder when 5062529 is divided by 435?
434
Calculate the remainder when 6770 is divided by 226.
216
What is the remainder when 34729 is divided by 8679?
13
Calculate the remainder when 1839 is divided by 445.
59
Calculate the remainder when 2727 is divided by 552.
519
Calculate the remainder when 7216 is divided by 606.
550
Calculate the remainder when 458 is divided by 145.
23
What is the remainder when 1230 is divided by 429?
372
What is the remainder when 740 is divided by 353?
34
What is the remainder when 634 is divided by 569?
65
What is the remainder when 6492 is divided by 93?
75
What is the remainder when 21951 is divided by 21736?
215
Calculate the remainder when 262645 is divided by 309.
304
What is the remainder when 3766 is divided by 6?
4
Calculate the remainder when 11573 is divided by 48.
5
Calculate the remainder when 1502 is divided by 365.
42
What is the remainder when 20707 is divided by 58?
1
Calculate the remainder when 38931 is divided by 12970.
21
What is the remainder when 2322 is divided by 1615?
707
Calculate the remainder when 6363 is divided by 597.
393
Calculate the remainder when 3547 is divided by 1680.
187
What is the remainder when 6651 is divided by 732?
63
What is the remainder when 153126 is divided by 404?
10
What is the remainder when 2300 is divided by 254?
14
Calculate the remainder when 33875 is divided by 427.
142
What is the remainder when 9559 is divided by 330?
319
Calculate t